pose -23*o = -18*o - 4*x - 264, x + 220 = 4*o. Calculate the greatest common divisor of 16 and o.
8
Suppose -56*n + 36 = -52*n. Suppose 13 = -5*d + 73. What is the greatest common divisor of d and n?
3
Let q(p) = 49*p**2 + p + 6. Let v be q(-2). Calculate the greatest common factor of v and 120.
40
Let z = 2357 + -2307. Calculate the highest common factor of 3850 and z.
50
Let n be (-10)/2 + (-3)/3. Let l(y) = 2*y**3 + 13*y**2 - 1. Let x be l(n). Let o = x - 27. Calculate the highest common divisor of o and 88.
8
Let n = -19 + 25. Suppose -16 + 4 = n*r. Let l be -4 + 51 + (-2)/r. What is the greatest common divisor of l and 6?
6
Let w be ((-30)/20)/(3/(-8)). Calculate the greatest common divisor of 18 and w.
2
Let c = 62 - 6. Let b = 8028 - 7888. Calculate the greatest common divisor of c and b.
28
Let l = -46 - -50. Suppose 0 = 3*v - 2*v - l. What is the greatest common divisor of v and 4?
4
Suppose -90*h + 95*h - 45 = 0. What is the highest common divisor of 1143 and h?
9
Let n(o) = 15*o**2 + o + 1. Let d be n(2). Let r(c) = 4*c + 45. Let m be r(-9). What is the greatest common divisor of d and m?
9
Suppose 0 = 45*i - 43*i. Suppose -2*n + 22 = -i. What is the highest common factor of 99 and n?
11
Suppose -167*g + 48 = -163*g. Calculate the highest common factor of 60 and g.
12
Let z(w) = -4*w**2 - 28*w + 5. Let r be z(-9). Let p = r - -71. Calculate the highest common factor of 28 and p.
4
Suppose 9351 = 5*a - c - 2262, -5*c = 5*a - 11595. What is the greatest common divisor of a and 27?
27
Let a(q) = q**3 - 12*q**2 - 7*q + 43. Let s be a(13). What is the highest common divisor of s and 33?
11
Suppose -3*g + 19*g - 1440 = 0. What is the highest common factor of g and 1125?
45
Let q(w) = 61*w**2 + 16*w + 33. Let k be q(-4). What is the highest common divisor of 35 and k?
35
Let s(y) = y**2 - 12*y - 248. Let b be s(24). Calculate the highest common divisor of b and 90.
10
Let o(h) = -4*h + 6. Let n be o(-10). Let s = -22 + n. Calculate the greatest common divisor of s and 96.
24
Suppose 0*o = 3*o - 24. Suppose 8*p - o = 6*p. Suppose 4*l + 20 = 0, -169 = -4*k - l + 6*l. What is the highest common factor of k and p?
4
Suppose -5*j = -3*x + 556, 0*x + 189 = x + 2*j. Calculate the greatest common factor of x and 17.
17
Suppose -198*f + 193*f + 105 = -5*a, 90 = 5*f - 2*a. Suppose 3*n - 2 = o + 17, 3*o - 55 = -5*n. Calculate the highest common factor of f and n.
8
Suppose -16*r + 11*r = 2*o - 24, -4*o = -8. Calculate the highest common factor of 14 and r.
2
Suppose 0*t + t + 511 = 4*i, 4*i + 2*t = 514. Calculate the greatest common factor of i and 8.
8
Suppose 264*h + 94*h = -52*h + 34440. Suppose 0 = v - 5*v - 5*i + 137, 2*v = -3*i + 71. Calculate the highest common divisor of h and v.
28
Let q be (-4)/(-8) - (-194)/4. Let p(w) = 10*w**3 - 2*w**2 + 2*w. Let z be p(2). Let g = z - q. Calculate the greatest common divisor of 18 and g.
9
Suppose -2*s = 4*p - 58, -2*s - p - 4*p = -57. Calculate the highest common factor of s and 341.
31
Let x = 1 - -69. Let g be (-6)/(-8) + 0 + 4635/60. Suppose g = 6*f - 6. What is the highest common divisor of x and f?
14
Suppose -2 = -d - 4*u, 5*u = 4*d - 90 - 2. Let i(y) = -y**2 + 3*y + 138. Let w be i(0). Suppose -w = 2*j - 534. What is the highest common factor of d and j?
18
Let k(f) = -f + 6. Let o be k(-8). Let c be o + (-3 - -3 - -4). What is the highest common divisor of c and 9?
9
Suppose 0*a + c = 5*a - 25, a = -5*c - 21. Let m be ((-68)/6)/(16/24). Let p = 21 + m. What is the highest common factor of p and a?
4
Suppose 5 = y, -4*b = -5*y - 82 - 133. What is the greatest common factor of 320 and b?
20
Let c = 11 - 11. Let f(w) = w**2 - w + 5. Let h be f(c). Let a(v) = v**2 + 24*v - 15. Let x be a(-25). Calculate the greatest common divisor of x and h.
5
Let g = 1 + 29. Let s be 6/(g/(-12)*3/(-70)). What is the highest common factor of 8 and s?
8
Let s = -431 + 707. What is the greatest common divisor of 3 and s?
3
Suppose -3*y - k + 23 = k, 30 = 4*y + 2*k. Let x(f) = 12*f - 3. Let l be x(2). Let q = l + -14. What is the highest common factor of q and y?
7
Let y(m) = m**2 + 10*m - 56. Let f be y(-17). Calculate the greatest common factor of 21 and f.
21
Suppose -3 = -p - 0. Suppose -19 = -4*v + p*v. Suppose -2*o + t + 270 + 39 = 0, 0 = 5*o + 4*t - 740. Calculate the greatest common factor of v and o.
19
Suppose -10 = i - 42. Suppose 5*f = 6*f - 2. Let x be ((-12)/9)/(f/(-24)). Calculate the highest common divisor of i and x.
16
Suppose 5*n = -s + 17 + 2, 4*n = -5*s + 53. Calculate the highest common factor of 180 and s.
9
Suppose -4*o + j = -0*j - 188, -2*o = j - 100. What is the greatest common factor of o and 36?
12
Let y be (-28)/6 - (-12)/(-36). Let k = y - -8. Suppose 428 = k*t + 4*u, 2*u = 2*t - 0*t - 276. What is the greatest common factor of t and 28?
28
Let x(n) = 4*n - 5. Let j be x(2). Suppose -j*k + 64 = 5*g, 5*k - 7 = 8. Let p = 91 + -36. Calculate the greatest common factor of p and g.
11
Suppose 0 = -z - 2*t + 21, 4*t = 3*z + 2*t - 87. What is the highest common divisor of 243 and z?
27
Let d(i) = -i**3 + 51*i**2 - 368*i - 6. Let j be d(9). Let c = -18 + 30. What is the greatest common divisor of c and j?
12
Let f be 5*(-4)/(-110) + 6/(-33). Let p be 7 + 5 - (0 + 1)*f. Calculate the greatest common factor of p and 18.
6
Let s(g) = -3*g - 3 + 6*g**2 + 3 + 5 - g**3 - g. Let k be s(5). Suppose 2*t = k, 3*j - 165 = -4*t + 71. Calculate the greatest common divisor of j and 9.
9
Let p = -386 + 548. Calculate the highest common factor of 12 and p.
6
Let z(k) = -6*k**3 - 13*k**2 - 2*k + 3. Let j be z(-3). Calculate the greatest common factor of 459 and j.
27
Suppose -55*l - 639 + 19064 = 0. Calculate the greatest common divisor of 5 and l.
5
Let r = -40 + 45. Suppose u + 39 = 2*u + 3*n, -r*u = -3*n - 267. What is the highest common divisor of u and 34?
17
Suppose 0*x = 3*x - 12. Let i be (2/x)/(19/266). Calculate the highest common divisor of 35 and i.
7
Let g = 261 - 168. Let j = g - 45. Calculate the highest common divisor of 16 and j.
16
Let c be (22/8)/((-33)/(-3960)). What is the highest common divisor of 30 and c?
30
Let q(z) = 2*z**2 - z + 12. Let n be q(-6). Let x = 2 + 28. What is the highest common factor of n and x?
30
Let u(g) = g**3 + 22*g**2 + 2*g + 45. Let y be u(-21). What is the highest common divisor of 96 and y?
12
Let p(g) = -5*g + 151. Let h be p(15). What is the highest common factor of 38 and h?
38
Let u = -647 - -652. What is the highest common divisor of u and 235?
5
Let b be 114/(-76)*(-40)/3. What is the highest common factor of 12 and b?
4
Let r(f) = f**2 + 5*f - 3. Let h be r(-5). Let v be (2 - -1)*((-25)/h - -3). Let q be (1/(-3))/((-2)/102). Calculate the greatest common divisor of q and v.
17
Suppose 12*m - 17*m = 70. Let n be (m/(-3) + -2)*99/12. Calculate the highest common divisor of n and 22.
22
Let s(c) = -c + 5. Let q be s(5). Suppose -4*b + 176 = -4*m, -3*b - 2*b - 2*m + 248 = q. What is the greatest common factor of 6 and b?
6
Let z = 1 + 17. Let q be (-4)/(-18) + 104/z. Let m = 0 + q. What is the greatest common factor of m and 2?
2
Suppose -16810 = -54*a + 416. Calculate the highest common factor of 11 and a.
11
Let m(c) = 2*c**2 - 46*c + 64. Let b be m(22). What is the highest common factor of 20 and b?
20
Let i = 465 - 378. Calculate the greatest common divisor of 29 and i.
29
Suppose f + 2*f - 6 = 0. Suppose 3*z = -f*z. Suppose -5*d + 45 + 30 = z. What is the greatest common factor of d and 120?
15
Let v(z) = -52*z - 84. Let o be v(-3). What is the greatest common factor of o and 9?
9
Let q be (-1)/(4/12*3/(-2)). Suppose -5*b = 15, 4*p + 4*b - 356 = q*p. Calculate the greatest common factor of p and 46.
46
Let i = 542 + -541. Let p = -5 - -2. Let r = 4 + p. What is the highest common divisor of r and i?
1
Let h = 47 + -29. Let y be 4/h + 169/9. Calculate the highest common divisor of 76 and y.
19
Let f = -38 + 46. Let l(k) = -k**2 - 2*k + 4. Let j be l(-3). Let b be j/2 + (-124)/(-8). What is the highest common divisor of f and b?
8
Let n be (-1532)/(-5) - 2/5. Calculate the greatest common divisor of 63 and n.
9
Suppose -d = -3*s + 51, s - 2*d + 0 - 17 = 0. Let c = 187 - 102. Calculate the highest common factor of s and c.
17
Suppose -3*r + 15 = 0, r 